) = -m**2 - 6*m + 6. Let p be s(-9). What is the remainder when 78 is divided by p/7 - (0 - 25)?
12
Suppose -2*k + 3*k = 8. Let x(c) = -c**3 + 9*c**2 + 8*c. Let n be x(k). Suppose -2*f = -6*f + n. What is the remainder when f is divided by 17?
15
Let w(z) = -6*z - 2. What is the remainder when w(-4) is divided by -5 + 1 + (-297)/(-27)?
1
Let p = 7 - -6. Let s = 85 - p. Calculate the remainder when s is divided by 25.
22
Suppose -4*c + 25 - 1 = 4*q, -2*q + c = 0. Suppose 119*h + 20 = 121*h. Suppose -h = 2*d - 12*d. What is the remainder when q is divided by d?
0
Let d be 1*(-4 + ((-97)/1)/1). Let h = d + 115. Calculate the remainder when 65 is divided by h.
9
Suppose -5*h + 3*h - 3*y = -44, -5*h = y - 136. What is the remainder when h is divided by ((-3)/(-4))/(-1) + (15 - (-200)/(-32))?
4
Suppose -2*n = -2*o - 8, -3*o = 2*o. Suppose 2*u + 1 = 3*i - 0*i, 0 = -3*u - 3*i + 21. What is the remainder when 5/(-10)*n + 7 is divided by u?
1
Suppose 10*t - 423 = 7*t. Calculate the remainder when t is divided by 13.
11
Let l(j) = 9*j**2 + 5*j + 2. Let o be l(3). Suppose -38 = 12*i - o. What is the remainder when 17 is divided by i?
2
Let u = -12 - -5. Let k = 4 - u. Suppose 2*z = -2*h + 20, 5*h - 15 = -0. Calculate the remainder when k is divided by z.
4
Suppose -19*a + 555 = -14*a. What is the remainder when 1216 is divided by a?
106
Suppose 0 = 5*z - 944 + 204. Suppose 4*x + 200 = -z. Let m = 145 + x. What is the remainder when m is divided by 15?
13
Suppose 107 = -3*s + 5*s - 5*a, -4*s = 3*a - 149. Suppose -7 = -h - 3*k, -74 - s = -5*h + 5*k. What is the remainder when h is divided by 10?
9
Let u(h) be the second derivative of h**5/20 + 3*h**4/4 + 3*h**3/2 - 2*h**2 + 5*h. What is the remainder when u(-7) is divided by 12?
7
Let m(g) = -6*g**3 - g**2 + 2*g + 4. Calculate the remainder when 25 is divided by m(-1).
4
Let v(z) = -12*z + 278. Calculate the remainder when 189 is divided by v(20).
37
Let g(v) = v**2 - 16*v - 15. Let j(o) = o**2 - 3*o + 1. Let l be j(5). Calculate the remainder when (1/2)/(l/88) is divided by g(17).
0
Suppose -811 = -13*n + 242. What is the remainder when 81 is divided by n?
0
Suppose 0 = -14*t + 57 + 13. Calculate the remainder when 137 is divided by t.
2
Calculate the remainder when (-7 + -18 + 4)*-63 is divided by 16.
11
Let x = -186 + 375. Suppose g + x = 8*g. Calculate the remainder when g is divided by 7.
6
Let q = -40 - -22. Let b = q - -23. Calculate the remainder when 12 is divided by b.
2
Suppose 0 = -0*d + 3*d + v - 112, 0 = 4*d + 2*v - 148. Let p = 103 - 82. What is the remainder when d is divided by p?
17
Let j(g) = -g - 6 - g**2 + 2*g**3 - 5*g**2 + 5*g. Suppose 9*a - 8 = 7*a. Calculate the remainder when j(a) is divided by 11.
9
Suppose 4*x + 1 - 25 = 0. Let d be 2/(-3)*x/(-4). Calculate the remainder when 3 is divided by 1 + -3 + (d - -2).
0
Suppose 5*i - 83 = 12. Let n be -2*(4 - 51/2). Suppose -5*c + n = -2*h, 0 = 4*c + h - 3*h - 36. Calculate the remainder when i is divided by c.
5
Suppose 366 + 44 = 5*b. Let a(c) = 3*c**2 + 1. Calculate the remainder when b is divided by a(-3).
26
Suppose -2*j + 3*j + 7 = 0. Let y = j + 10. Calculate the remainder when (-5)/(1 + (1 - 3)) is divided by y.
2
Suppose 26*j - 1406 = 10424. What is the remainder when j is divided by 124?
83
Let s(z) = -z - 3. Let u be s(-7). Let o = -1 + u. Suppose q = -2*l + 4, -5*q - 3*l - 4 = -45. What is the remainder when q is divided by o?
1
Let j = -27 + 33. Suppose 5*z - 132 = z. Calculate the remainder when z is divided by j.
3
Let x = 5 + 0. Suppose 0*l - 75 = x*l. Calculate the remainder when 52 is divided by ((-36)/(-20))/((-1)/l).
25
Suppose 2*u + 289 = 3*j, -8*j + 6*j - 5*u = -199. Let o = -46 + j. Calculate the remainder when o is divided by 13.
12
Let m(c) = 72*c + 918. What is the remainder when m(-12) is divided by 20?
14
Suppose 25*v - 1400 + 100 = 0. Calculate the remainder when v is divided by 31.
21
Suppose 29*u + 3914 = 132*u. Calculate the remainder when u is divided by 9.
2
Let d = 51 + -74. Let g = d - -46. Let b = 106 - 63. Calculate the remainder when b is divided by g.
20
Suppose j - 2*j + 21 = q, -3*j = q - 63. Let r(y) = 6*y - 13. Calculate the remainder when j is divided by r(4).
10
Let q = 22 + -18. Let m(i) = -i**3 - 6*i**2 - 7*i - 4. Let w be m(-5). Let v = 13 - w. Calculate the remainder when v is divided by q.
3
Let v = 11 + 410. What is the remainder when v is divided by 47?
45
Let w be 4/(-3)*(-33)/(-2). Let v = w - -38. Suppose 39*h = 35*h + 124. What is the remainder when h is divided by v?
15
Suppose 4*i + 5 = -4*y - 3, 5*y + 10 = -2*i. Let d = 19 + i. Suppose 575 = 13*b - 140. Calculate the remainder when b is divided by d.
17
Let i = 2 + 6. What is the remainder when 86/7 + i/(-28) is divided by (-3 + 5)*(-20)/(-8)?
2
Suppose 0 = 4*n - 6*n + 854. Suppose 4*p = -3*p + n. What is the remainder when p is divided by 21?
19
Let k(y) = y**3 - 13*y**2 - 18*y - 6. Let j be k(14). Let u = j + 75. Suppose -a - 2 = -27. Calculate the remainder when a is divided by u.
12
Suppose -83 = 7*t - 279. What is the remainder when 40 is divided by t?
12
Let v(l) = 37*l - 281. What is the remainder when 343 is divided by v(8)?
13
Let i(l) = -l**2 + 33*l - 210. What is the remainder when 460 is divided by i(12)?
40
Suppose -19 = -i - 5. Calculate the remainder when (-53 - 1)/(-6 - (-63)/i) is divided by 17.
2
Let b = 5 + 11. Let r = 72 - b. Let d = r - 28. What is the remainder when 82 is divided by d?
26
Suppose -83*f = -6*f - 15785. Calculate the remainder when f is divided by 19.
15
Let d be (-12)/20 + 1 - (-68)/5. What is the remainder when 11 is divided by 46/d - (-12)/(-42)?
2
Let d = 327 - 310. Calculate the remainder when d is divided by 9.
8
Suppose -5*i = 3*n - 6*n + 80, -24 = -2*n - 4*i. Suppose -14*v - 55 = -139. What is the remainder when n is divided by v?
2
Suppose 2*k - 7*k = 5*d - 655, -3*k = d - 127. Let i = -19 + d. What is the remainder when i is divided by 13?
10
Suppose -3*o - r = -11, 4*o + o + 5*r - 25 = 0. Suppose -29 = -o*z - 2. What is the remainder when z is divided by 6?
3
Suppose -4*d + 2896 = 5*i, d - 4*i + 2*i = 711. What is the remainder when d is divided by 104?
95
Calculate the remainder when 35 is divided by 2 + -8 + 10 + (19 - -1).
11
Suppose 0 = 2*f - n - 0 - 4, -5*n = 3*f - 19. What is the remainder when 4/(-1 - f)*-24 is divided by 7?
3
Suppose -57*w = -83*w + 19188. Calculate the remainder when w is divided by 53.
49
Let f(n) = -11*n + 1. Suppose w - 3*d = -4*w + 60, -2*w - 3*d = -24. What is the remainder when f(-3) is divided by w?
10
Let j(s) be the third derivative of s**4/24 + s**3/3 - 2*s**2. Let k be j(-3). Calculate the remainder when 82 is divided by 2 + -4 - (-24 - k).
19
Suppose 166 = 4*p - 54. Suppose -p = -4*o + z + 32, 0 = 2*o - 2*z - 48. Let c(q) = 5*q + 4. What is the remainder when c(7) is divided by o?
18
Suppose 2*t + 75 = a, 100 = -2*t - 0*a - 4*a. Let r = -26 - t. Suppose 5*v - 3*s + 2*s - 340 = 0, v = 2*s + 59. Calculate the remainder when v is divided by r.
13
Let p = -562 - -590. What is the remainder when 116 is divided by p?
4
Suppose 2*h - 24 = -4. Let y = 104 - 83. Let s = y - h. What is the remainder when s is divided by 6?
5
Let k(w) = w**3 + 5*w + 14*w**2 - 6 - 4*w + 5*w - 4*w. Let n be k(-14). What is the remainder when 49 is divided by (1 + (-3)/2)*n?
15
Let f be (-1*(-36)/3)/1. Let m be ((-2)/(-3))/(f/1170). Let t = -31 + m. Calculate the remainder when t is divided by 18.
16
Calculate the remainder when (180/4)/((-3)/(-9)) is divided by 34.
33
Let r(s) = -4*s**2 + 85*s + 24. What is the remainder when r(21) is divided by 25?
20
Let s = 7 - 9. Let l = s + 2. Suppose -5*x = 4*k - 386, x + l*k - 62 = 3*k. What is the remainder when x is divided by 25?
24
Let x = -30 + 56. Calculate the remainder when 415 is divided by x.
25
Let r(w) = 9*w**2 + 2*w. Let c be r(-3). Suppose -20*v + 17*v + c = 0. Suppose v = -5*q, -1 = -g - q - 4. What is the remainder when 5 is divided by g?
1
Let h be 3*-1 - (7 - 154). Let p = -102 + h. Suppose -4*l - 5*n + n = -60, -2*l + 2*n + p = 0. Calculate the remainder when 34 is divided by l.
16
Let c be (112/35 + 0)/((-4)/(-10)). Suppose 38 = y - 3*w, 5*w = -y + c - 2. Calculate the remainder when y is divided by 3.
2
Let u